+ 18*f + 2031. Calculate p(-37).
-4
Let u(h) = -1292*h - 21299. Give u(-17).
665
Let f(o) = -427*o - 198357. Determine f(-465).
198
Let w(o) = -2*o**3 - 114*o**2 - 1824*o - 5596. Calculate w(-28).
4
Let s(k) = 2*k**2 + 93555*k - 654927. What is s(7)?
56
Let u(i) = -2*i**3 + 30*i**2 + 78*i - 37. Calculate u(16).
699
Let r(o) = 23024*o - 22996. Give r(1).
28
Let q(h) = -3*h**3 - 725*h**2 + 5475*h - 763. Calculate q(-249).
-16
Let a(l) = -2*l**2 + 9371*l - 168042. Determine a(18).
-12
Let z(g) = g**3 - 157*g**2 - 18958*g - 467. Calculate z(237).
7
Let f(s) = -s**3 - 22*s**2 - 15*s + 251. Determine f(-17).
-939
Let p(z) = -28*z**2 - 30*z - 59. Calculate p(0).
-59
Let v(f) = -f**3 - 149*f**2 + 42590*f + 5772. Calculate v(145).
-28
Let a(f) = 8*f**3 + 479*f**2 + 337*f + 23800. What is a(-60)?
-20
Let q(o) = -26758*o + 113. What is q(0)?
113
Let k(b) = 21*b**2 + 1263*b + 1475. Determine k(-59).
59
Let q(v) = -3*v**3 - 359*v**2 + 1059*v + 64. Calculate q(3).
-71
Let n(h) = 23*h**2 + 93*h - 1783. Give n(-11).
-23
Let p(y) = -41297*y + 206449. Give p(5).
-36
Let l(z) = 7*z**3 + 122*z**2 - 77*z + 43. What is l(-18)?
133
Let w(h) = 10*h**2 + 4859*h - 106980. Give w(-507).
-3
Let w(b) = b**3 - 35*b**2 + 410*b - 2487. What is w(21)?
-51
Let f(o) = 53*o**2 - 363*o + 232. Calculate f(6).
-38
Let b(a) = 1298*a + 2568. Give b(-2).
-28
Let r(b) = -b**3 - 9*b**2 - 295*b - 826. Give r(-3).
5
Let y(t) = -99*t - 12442. Give y(-136).
1022
Let n(o) = -139012*o + 11259953. What is n(81)?
-19
Let u(v) = 326*v**2 - 54*v + 54. Calculate u(1).
326
Let y(n) = n**3 - 195*n**2 - 8861*n + 1784659. Calculate y(193).
-12
Let k(q) = -5*q**3 + 201*q**2 - 39*q + 176. Determine k(40).
216
Let r(k) = -38625*k**2 + 1969877*k - 104. Give r(51).
-2
Let p(w) = -5*w**2 - 62*w - 319. What is p(-5)?
-134
Let v(q) = -2*q**2 - 244*q - 137. What is v(-123)?
-383
Let p(o) = -4*o**3 - o**2 + 55*o - 541. Give p(8).
-2213
Let v(g) = -68244*g - 68240. What is v(-1)?
4
Let b(k) = 501*k**2 + 125*k + 254. Give b(-2).
2008
Let t(w) = 37*w**2 + 370*w + 780. What is t(-7)?
3
Let d(x) = -500*x - 22399. Calculate d(-46).
601
Let u(z) = 625*z - 909. What is u(4)?
1591
Let m(u) = 70*u**2 + 4794*u - 23055. Give m(-73).
13
Let f(u) = 6*u**2 + 223*u + 1285. Calculate f(-30).
-5
Let n(p) = 94*p**2 + 128*p - 485. Calculate n(4).
1531
Let a(i) = 4*i**3 - 4635*i**2 - 2*i + 34. Determine a(0).
34
Let a(p) = -65*p - 1108. Calculate a(-11).
-393
Let q(r) = -10*r - 1220. Give q(-87).
-350
Let t(f) = -13027*f + 13898. Determine t(1).
871
Let o(w) = -12*w**2 - 164*w + 917. Calculate o(6).
-499
Let y(s) = -2826*s + 42412. Give y(15).
22
Let d(x) = x**3 + 289*x**2 - 1160*x + 3518. Calculate d(-293).
2
Let t(i) = -13*i**2 + 81607*i. Give t(0).
0
Let v(a) = -24*a**3 + 29*a**2 + 6*a + 18. Determine v(-3).
909
Let x(u) = 85*u + 10960. Give x(-130).
-90
Let z(v) = 5410*v - 162279. Determine z(30).
21
Let p(k) = -3*k**2 + 9170*k - 27492. Give p(3).
-9
Let v(f) = 64505*f + 19. Calculate v(0).
19
Let f(o) = -11*o**3 + 88*o**2 - 1360*o + 10893. Calculate f(8).
13
Let l(n) = -2*n**2 + 1763*n + 76746. Determine l(-44).
-4698
Let b(r) = 107*r - 11062. Give b(107).
387
Let m(j) = 379*j**2 + 710*j + 710. What is m(-1)?
379
Let j(h) = 39714*h + 1112001. What is j(-28)?
9
Let z(k) = 5059*k - 703138. Give z(139).
63
Let z(b) = -b**3 - 22*b**2 + 912*b - 102. Give z(21).
87
Let t(g) = 8*g**3 - 22*g**2 + 47*g + 26. Give t(4).
374
Let f(y) = y**3 + 323*y**2 + 7488*y + 11315. Determine f(-298).
-9
Let g(q) = 15*q**2 + 1321*q + 10746. Calculate g(-79).
2
Let p(i) = -80197*i - 320893. What is p(-4)?
-105
Let v(a) = -5*a**2 + 584*a + 4821. Determine v(125).
-304
Let k(c) = -15*c**2 - 135*c - 156. Determine k(-8).
-36
Let j(k) = -1618*k - 899599. Give j(-556).
9
Let k(m) = m**3 - 190*m**2 + 745*m - 124. What is k(186)?
62
Let n(t) = -87*t + 12204. What is n(139)?
111
Let v(h) = h**2 - 16372*h + 98198. Calculate v(6).
2
Let y(p) = 25*p**2 - 564*p - 230. Calculate y(26).
2006
Let x(p) = -27*p**3 - 3000*p**2 - 325*p + 134. Determine x(-111).
-754
Let p(g) = -798*g - 17754. Calculate p(-22).
-198
Let x(p) = 117*p - 19455. Determine x(164).
-267
Let k(w) = -1286*w + 308513. Calculate k(240).
-127
Let r(g) = -67*g**3 - 5562*g**2 - 72*g + 920. What is r(-83)?
7
Let o(w) = 44*w**2 + 95*w - 31. Determine o(-7).
1460
Let j(q) = 155*q**3 - 402*q - 401. Give j(-1).
-154
Let n(l) = 3*l**2 - 12318*l - 61637. Calculate n(-5).
28
Let r(j) = 9*j**2 - 38*j + 44. What is r(8)?
316
Let s(c) = 1440*c - 24385. Determine s(17).
95
Let y(t) = -1976*t + 5826. What is y(2)?
1874
Let l(g) = 3199535*g + 9598595. Determine l(-3).
-10
Let g(i) = 10*i**2 + 143*i - 7978. Give g(22).
8
Let o(k) = -622*k + 5822. Give o(9).
224
Let h(v) = -39*v**3 + 16*v**2 + 33*v + 81. Give h(-3).
1179
Let j(x) = -396*x**2 + 12280*x + 79. Determine j(31).
203
Let f(u) = -9370*u + 1452330. What is f(155)?
-20
Let r(l) = -245541*l - 10067196. Calculate r(-41).
-15
Let j(f) = -f**2 + 2142*f + 36471. What is j(-17)?
-232
Let z(b) = -b**3 - 38*b**2 + 320*b + 2522. Determine z(-44).
58
Let f(x) = -x**3 + 642*x**2 - 6315*x - 49. Determine f(10).
1
Let u(t) = -393*t + 756. Give u(3).
-423
Let q(u) = -u**3 - 111*u**2 - 219*u + 128. Calculate q(-109).
237
Let q(r) = -20*r**2 - 295*r - 1177. Determine q(-4).
-317
Let p(w) = -9*w**2 - 182*w + 845. Calculate p(4).
-27
Let k(f) = -3*f**2 - 466*f + 29814. Calculate k(-204).
30
Let c(d) = 55*d**2 + 1858*d - 30883. What is c(-46)?
29
Let m(i) = -5*i**2 + 339*i - 1303. What is m(4)?
-27
Let h(y) = -y**2 - 3039*y - 2038999. Give h(-1000).
1
Let d(x) = 217*x**2 - 8921*x + 985. Determine d(41).
1
Let f(w) = 485306*w - 19897543. Give f(41).
3
Let i(o) = 233*o - 30295. What is i(135)?
1160
Let b(k) = 27*k + 429. Determine b(-5).
294
Let k(r) = 1171*r + 93157. Determine k(-80).
-523
Let h(x) = 3*x**2 + 14788*x + 73917. Determine h(-5).
52
Let y(h) = 112*h - 21633. Give y(183).
-1137
Let a(q) = q**3 + 8*q**2 - 224*q - 832. What is a(13)?
-195
Let c(s) = 88009*s - 352023. Calculate c(4).
13
Let z(s) = 15*s**2 + 248*s - 1741. Give z(7).
730
Let t(b) = -3*b**3 - 387*b**2 - 1862*b - 459. Give t(-124).
-211
Let v(b) = -21*b**3 + 590*b**2 - 61*b + 580. Calculate v(28).
440
Let o(l) = -7*l**2 + 160*l - 887. Give o(6).
-179
Let k(i) = -533*i + 13588. Give k(26).
-270
Let p(x) = -93*x - 20. Calculate p(-5).
445
Let s(p) = 3*p**2 - 822*p + 7285. Calculate s(266).
901
Let f(l) = -356*l**2 - 26339*l + 179. Give f(-74).
-191
Let b(w) = -707*w + 1999. Calculate b(3).
-122
Let j(r) = -55*r**2 - 407*r + 385. Calculate j(-8).
121
Let g(a) = a**2 - 6291*a + 212585. Calculate g(34).
-153
Let o(k) = 416*k + 1764. Determine o(-5).
-316
Let v(f) = -3*f**3 + 55*f**2 + 6*f + 137. Determine v(16).
2025
Let v(z) = 39*z - 491. Give v(138).
4891
Let r(c) = -c**3 - 724*c**2 + 63*c - 479966. Calculate r(-725).
-16
Let l(s) = 2*s**3 - 233*s**2 + 31*s - 17338. What is l(117)?
-22
Let s(y) = y**3 + 86*y**2 + 1359*y - 423. Calculate s(-65).
-33
Let a(w) = 13875*w - 485635. Calculate a(35).
-10
Let i(m) = 4*m**3 + 128*m**2 - 104*m - 7075. Give i(-31).
-7
Let t(x) = -8*x**2 - 4270*x - 8509. Determine t(-2).
-1
Let z(m) = 74*m + 7533. Give z(-109).
-533
Let b(s) = s**2 - 3782*s + 78. Give b(0).
78
Let n(m) = -m**3 + 17*m**2 - 3284*m + 55828. Give n(17).
0
Let r(n) = -n**3 - 7*n**2 - 4*n + 39. Give r(-7).
67
Let p(r) = -155146*r - 930875. Give p(-6).
1
Let l(q) = 2*q**3 + 74*q**2 + 74*q - 2297. Give l(-35).
13
Let z(h) = -9*h**3 - 4*h**2 + 4*h - 814. Give z(0).
-814
Let m(z) = 2*z**3 + 33*z**2 + 16*z + 96. Determine m(-7).
915
Let t(r) = 365*r - 37627. What is t(103)?
-32
Let w(u) = -355*u - 13207. Give w(-41).
1348
Let i(b) = b**3 + 224*b**2 + 12534*b - 134. Calculate i(-115).
-19
Let r(l) = 28*l**2 + 3776*l - 8177. Calculate r(-137).
43
Let z(a) = 4436*a + 971323. What is z(-219)?
-161
Let r(c) = -5*c**3 + 160*c**2 - 770*c + 24677. Calculate r(32).
37
Let a(i) = 3*i**2 - 275*i - 885. Calculate a(89).
-1597
Let k(o) = 21961*o + 19197. Determine k(-1).
-2764
Let d(m) = 101*m**2 + 4685*m - 7867. Determine d(-48).
-43
Let z(c) = -c**3 + 310*c**2 - 2108*c + 50. Determine z(7).
141
Let u(g) = -2*g**2 + 15042*g + 45131. Calculate u(-3).
-13
Let z(l) = 677*l + 2639. Give z(-5).
-746
Let b(p) = -145*p**2 + 960*p